{"version":"1.0","provider_name":"IMAGES ET EXPRESSIONS","provider_url":"https:\/\/imagesexpressions.fr","author_name":"Claude-Marie Auger","author_url":"https:\/\/imagesexpressions.fr\/index.php\/author\/cmauger\/","title":"Festival de la F\u00e9d\u00e9ration Photo \u00e0 Martigues - IMAGES ET EXPRESSIONS","type":"rich","width":600,"height":338,"html":"<blockquote class=\"wp-embedded-content\" data-secret=\"5msefXak2m\"><a href=\"https:\/\/imagesexpressions.fr\/index.php\/2025\/06\/18\/festival-de-la-federation-photo-a-martigues\/\">Festival de la F\u00e9d\u00e9ration Photo \u00e0 Martigues<\/a><\/blockquote><iframe sandbox=\"allow-scripts\" security=\"restricted\" src=\"https:\/\/imagesexpressions.fr\/index.php\/2025\/06\/18\/festival-de-la-federation-photo-a-martigues\/embed\/#?secret=5msefXak2m\" width=\"600\" height=\"338\" title=\"\u00ab\u00a0Festival de la F\u00e9d\u00e9ration Photo \u00e0 Martigues\u00a0\u00bb &#8212; IMAGES ET EXPRESSIONS\" data-secret=\"5msefXak2m\" frameborder=\"0\" marginwidth=\"0\" marginheight=\"0\" scrolling=\"no\" class=\"wp-embedded-content\"><\/iframe><script type=\"text\/javascript\">\n\/* <![CDATA[ *\/\n\/*! This file is auto-generated *\/\n!function(d,l){\"use strict\";l.querySelector&&d.addEventListener&&\"undefined\"!=typeof URL&&(d.wp=d.wp||{},d.wp.receiveEmbedMessage||(d.wp.receiveEmbedMessage=function(e){var t=e.data;if((t||t.secret||t.message||t.value)&&!\/[^a-zA-Z0-9]\/.test(t.secret)){for(var s,r,n,a=l.querySelectorAll('iframe[data-secret=\"'+t.secret+'\"]'),o=l.querySelectorAll('blockquote[data-secret=\"'+t.secret+'\"]'),c=new RegExp(\"^https?:$\",\"i\"),i=0;i<o.length;i++)o[i].style.display=\"none\";for(i=0;i<a.length;i++)s=a[i],e.source===s.contentWindow&&(s.removeAttribute(\"style\"),\"height\"===t.message?(1e3<(r=parseInt(t.value,10))?r=1e3:~~r<200&&(r=200),s.height=r):\"link\"===t.message&&(r=new URL(s.getAttribute(\"src\")),n=new URL(t.value),c.test(n.protocol))&&n.host===r.host&&l.activeElement===s&&(d.top.location.href=t.value))}},d.addEventListener(\"message\",d.wp.receiveEmbedMessage,!1),l.addEventListener(\"DOMContentLoaded\",function(){for(var e,t,s=l.querySelectorAll(\"iframe.wp-embedded-content\"),r=0;r<s.length;r++)(t=(e=s[r]).getAttribute(\"data-secret\"))||(t=Math.random().toString(36).substring(2,12),e.src+=\"#?secret=\"+t,e.setAttribute(\"data-secret\",t)),e.contentWindow.postMessage({message:\"ready\",secret:t},\"*\")},!1)))}(window,document);\n\/\/# sourceURL=https:\/\/imagesexpressions.fr\/wp-includes\/js\/wp-embed.min.js\n\/* ]]> *\/\n<\/script>\n","description":"Vendredi 13 et samedi 14 juin, se tenait \u00e0 Martigues le 4\u00e8me festival de la F\u00e9d\u00e9ration Photographique de France, organis\u00e9 sous l&rsquo;\u00e9gide du club photo local. Nous \u00e9tions cinq \u00e0 repr\u00e9senter le club : Annah, Eric, Jo\u00ebl C, Claude-Marie et Marc P. Le couple Nicot de Photon \u00e9tait aussi pr\u00e9sent. Diverses expositions des photos prim\u00e9es de toutes les UR de France \u00e9taient diss\u00e9min\u00e9es dans plusieurs lieux de la ville. Nath-Sakura, invit\u00e9e par la f\u00e9d\u00e9ration, tenait un stand dans la salle d\u2019accueil. Elle \u00e9tait de ce fait disponible pour discuter avec les visiteurs. L\u2019apr\u00e8s-midi du vendredi nous assistions \u00e0 sa conf\u00e9rence dans l\u2019amphith\u00e9\u00e2tre climatis\u00e9 de l\u2019Hotel de Ville (pour notre plus grand plaisir, la temp\u00e9rature ext\u00e9rieure \u00e9tant \u00e9touffante). Le samedi dans l\u2019amphi, trois conf\u00e9rences aussi tr\u00e8s int\u00e9ressantes dont celle sur Lucien Clergue, fondateur des rencontres d\u2019Arles et celle de Kasiras Kyriakos sur les ours blancs. Le soir notre ami Marc P\u00e9lissier recevait son prix. Rappelons que Marc a remport\u00e9 la premi\u00e8re place du Super Challenge (Niveau national). Le Super Challenge est un ensemble de sept challenges nationaux qui se d\u00e9roulent sur sept mois. Claude-Marie Lire la suite","thumbnail_url":"https:\/\/imagesexpressions.fr\/wp-content\/uploads\/2025\/06\/Marc-Pelissier1.jpeg","thumbnail_width":1600,"thumbnail_height":943}

Festival de la Fédération Photo à Martigues - IMAGES ET EXPRESSIONS

<blockquote class="wp-embedded-content" data-secret="5msefXak2m"><a href="https://imagesexpressions.fr/index.php/2025/06/18/festival-de-la-federation-photo-a-martigues/">Festival de la Fédération Photo à Martigues</a></blockquote><iframe sandbox="allow-scripts" security="restricted" src="https://imagesexpressions.fr/index.php/2025/06/18/festival-de-la-federation-photo-a-martigues/embed/#?secret=5msefXak2m" width="600" height="338" title="« Festival de la Fédération Photo à Martigues » &#8212; IMAGES ET EXPRESSIONS" data-secret="5msefXak2m" frameborder="0" marginwidth="0" marginheight="0" scrolling="no" class="wp-embedded-content"></iframe><script type="text/javascript">
/* <![CDATA[ */
/*! This file is auto-generated */
!function(d,l){"use strict";l.querySelector&&d.addEventListener&&"undefined"!=typeof URL&&(d.wp=d.wp||{},d.wp.receiveEmbedMessage||(d.wp.receiveEmbedMessage=function(e){var t=e.data;if((t||t.secret||t.message||t.value)&&!/[^a-zA-Z0-9]/.test(t.secret)){for(var s,r,n,a=l.querySelectorAll('iframe[data-secret="'+t.secret+'"]'),o=l.querySelectorAll('blockquote[data-secret="'+t.secret+'"]'),c=new RegExp("^https?:$","i"),i=0;i<o.length;i++)o[i].style.display="none";for(i=0;i<a.length;i++)s=a[i],e.source===s.contentWindow&&(s.removeAttribute("style"),"height"===t.message?(1e3<(r=parseInt(t.value,10))?r=1e3:~~r<200&&(r=200),s.height=r):"link"===t.message&&(r=new URL(s.getAttribute("src")),n=new URL(t.value),c.test(n.protocol))&&n.host===r.host&&l.activeElement===s&&(d.top.location.href=t.value))}},d.addEventListener("message",d.wp.receiveEmbedMessage,!1),l.addEventListener("DOMContentLoaded",function(){for(var e,t,s=l.querySelectorAll("iframe.wp-embedded-content"),r=0;r<s.length;r++)(t=(e=s[r]).getAttribute("data-secret"))||(t=Math.random().toString(36).substring(2,12),e.src+="#?secret="+t,e.setAttribute("data-secret",t)),e.contentWindow.postMessage({message:"ready",secret:t},"*")},!1)))}(window,document);
//# sourceURL=https://imagesexpressions.fr/wp-includes/js/wp-embed.min.js
/* ]]> */
</script>

Vendredi 13 et samedi 14 juin, se tenait à Martigues le 4ème festival de la Fédération Photographique de France, organisé sous l&rsquo;égide du club photo local. Nous étions cinq à représenter le club : Annah, Eric, Joël C, Claude-Marie et Marc P. Le couple Nicot de Photon était aussi présent. Diverses expositions des photos primées de toutes les UR de France étaient disséminées dans plusieurs lieux de la ville. Nath-Sakura, invitée par la fédération, tenait un stand dans la salle d’accueil. Elle était de ce fait disponible pour discuter avec les visiteurs. L’après-midi du vendredi nous assistions à sa conférence dans l’amphithéâtre climatisé de l’Hotel de Ville (pour notre plus grand plaisir, la température extérieure étant étouffante). Le samedi dans l’amphi, trois conférences aussi très intéressantes dont celle sur Lucien Clergue, fondateur des rencontres d’Arles et celle de Kasiras Kyriakos sur les ours blancs. Le soir notre ami Marc Pélissier recevait son prix. Rappelons que Marc a remporté la première place du Super Challenge (Niveau national). Le Super Challenge est un ensemble de sept challenges nationaux qui se déroulent sur sept mois. Claude-Marie Lire la suite
